) = -244*i - 43. Calculate x(0).
-43
Let s(c) = -c**3 + 59*c**2 + 115*c + 102. Determine s(61).
-325
Let b(k) = -k**3 - 6*k**2 + 38*k - 2. Calculate b(-6).
-230
Let z(y) = -y**3 + 5*y**2 - 3*y + 16. Give z(0).
16
Let w(m) = -2*m**3 - m**2 + 7. What is w(4)?
-137
Let p(y) = -y**2 + 163*y + 824. What is p(-5)?
-16
Let c(i) = -14*i - 13. Give c(2).
-41
Let n(h) = -h**3 - 7*h**2 - 7*h + 17. Calculate n(-6).
23
Let a(o) = o**3 - 8*o**2 - 7*o + 27. Determine a(8).
-29
Let u(l) = -17*l**3 + 6*l**2 + 5*l - 2. Determine u(-1).
16
Let d(a) = 2*a**2 - 8*a + 57. Determine d(6).
81
Let p(c) = 25*c**2 + 126*c + 6. Give p(-4).
-98
Let f(s) = -3*s + 5. Give f(-2).
11
Let l(u) = -u**3 + 27*u**2 - 142*u + 28. Calculate l(8).
108
Let g(f) = -f**3 - 4*f**2 - 6*f - 28. Give g(-5).
27
Let d(n) = 17*n + 125. Calculate d(-5).
40
Let i(y) = 6*y**2 - 72*y - 73. What is i(-1)?
5
Let b(i) = -3*i**2 - 66*i + 120. Calculate b(-17).
375
Let a(z) = z**3 + 681*z**2 + 6043*z - 56. Give a(-9).
-11
Let i(y) = -90*y + 1074. Give i(12).
-6
Let x(j) = -j**2 + 26*j - 106. Calculate x(21).
-1
Let c(k) = 3*k**2 + 31*k - 47. Determine c(-8).
-103
Let y(r) = -3*r**2 - 180*r + 1006. What is y(5)?
31
Let b(c) = -c**3 + 20*c**2 - 82*c + 57. What is b(14)?
85
Let i(f) = -37*f**3 + 6*f**2 - 2*f + 4. What is i(2)?
-272
Let p(w) = w**3 + 15*w**2 - 47*w - 811. Determine p(-14).
43
Let w(u) = 8*u - 12. Give w(14).
100
Let b(k) = -43*k**2 + 346*k - 11. Give b(8).
5
Let h(r) = -26*r - 66. Calculate h(18).
-534
Let b(g) = -44*g - 1766. Give b(-39).
-50
Let j(c) = 2*c**2 - 13*c + 17. Calculate j(2).
-1
Let i(r) = r**3 + 11*r**2 + 13*r + 66. What is i(-10)?
36
Let m(z) = -z**3 + 33*z**2 + 161*z - 480. Determine m(37).
1
Let j(q) = -93*q - 14475. Calculate j(-156).
33
Let r(q) = -2*q**2 - 254*q - 2129. Determine r(-118).
-5
Let a(u) = -21*u**2 + 4*u + 1. What is a(-3)?
-200
Let a(b) = -2*b**3 - 121*b**2 + 51*b - 604. Give a(-61).
6
Let r(s) = 59*s - 10426. Give r(177).
17
Let n(x) = x**2 - 22*x - 137. Give n(26).
-33
Let r(m) = -m**3 + 70*m**2 - 3*m + 203. What is r(70)?
-7
Let x(l) = -255*l - 7. Calculate x(-1).
248
Let v(r) = -35*r + 765. Calculate v(19).
100
Let g(x) = -4*x**3 + 3*x**2 + x + 9. What is g(3)?
-69
Let y(n) = -2*n**2 + 114*n - 1641. Give y(29).
-17
Let k(n) = 2*n - 9. Determine k(-6).
-21
Let k(j) = 12*j**3 - 6*j**2 - 9*j + 16. Determine k(1).
13
Let w(r) = 70*r + 1408. Give w(-17).
218
Let s(z) = -z**2 - 39*z - 355. What is s(-9)?
-85
Let d(y) = 2*y**3 + 150*y**2 - 156*y - 307. Give d(-76).
-3
Let t(g) = g**3 - 50*g**2 + 303*g - 85. What is t(43)?
1
Let j(u) = 2*u**2 - 250*u - 5822. Determine j(145).
-22
Let t(z) = 165*z - 1695. What is t(13)?
450
Let c(m) = 4*m**3 + 79*m**2 - 16*m + 39. Determine c(-20).
-41
Let c(h) = h - 118. Calculate c(8).
-110
Let r(w) = w**3 + 29*w**2 + 173*w + 3222. Determine r(-27).
9
Let r(s) = -12*s**2 + 425*s + 114. What is r(36)?
-138
Let d(f) = -4*f**3 - 179*f**2 + 630*f + 274. Calculate d(-48).
-14
Let m(l) = -799*l + 19. Calculate m(1).
-780
Let c(y) = -64*y - 154. Give c(-3).
38
Let o(w) = 11*w**2 - 280*w - 38. Calculate o(27).
421
Let r(y) = 2*y**3 - 90*y**2 - 53*y - 1821. Give r(46).
-27
Let o(x) = -x**3 + 11*x**2 - 54*x + 469. What is o(10)?
29
Let y(p) = -18*p - 920. What is y(-51)?
-2
Let u(b) = -b**2 + 849*b - 6725. Give u(8).
3
Let a(y) = -16*y**2 - 491*y - 328. Give a(-30).
2
Let o(g) = -2*g**2 - 316*g + 637. Give o(2).
-3
Let c(p) = -p**2 + 321*p - 16647. What is c(65)?
-7
Let z(g) = -19*g**2 - 101*g - 102. What is z(-1)?
-20
Let m(z) = 149*z - 934. Calculate m(6).
-40
Let k(n) = 1696*n + 3399. What is k(-2)?
7
Let c(d) = -d**3 - 9*d**2 + 43*d + 1. Give c(-12).
-83
Let m(y) = 3*y**3 + 23*y**2 - 151*y + 54. Determine m(-12).
-6
Let i(b) = -287*b + 5479. Calculate i(19).
26
Let j(i) = -i**2 - 31*i + 236. Give j(9).
-124
Let g(q) = -507*q - 7862. Give g(-16).
250
Let c(m) = -127*m - 3939. Give c(-31).
-2
Let r(s) = -4*s**2 + 2*s + 12. What is r(3)?
-18
Let r(z) = z**3 - 43*z**2 + 375*z - 732. Determine r(32).
4
Let q(z) = -100*z - 1465. Determine q(-15).
35
Let g(s) = s**3 + 48*s**2 - 91*s - 2059. Determine g(-49).
-1
Let a(h) = -2*h**2 + 3*h + 63. Give a(-10).
-167
Let u(q) = q**3 + 4*q**2 - 129*q + 8. Give u(0).
8
Let c(u) = -4*u**3 - 119*u**2 - 199*u - 89. Calculate c(-28).
-5
Let q(r) = -177*r - 15. Determine q(0).
-15
Let u(j) = j**3 + 12*j**2 + 24*j - 9. What is u(-11)?
-152
Let k(a) = -a**2 + 12*a - 114. Determine k(17).
-199
Let c(x) = -478*x - 3820. What is c(-8)?
4
Let k(t) = t**2 - 67*t + 422. Determine k(58).
-100
Let h(w) = 24*w + 220. Calculate h(-18).
-212
Let v(z) = -11*z**3 - 966*z + 966. Give v(1).
-11
Let v(u) = 333*u + 10315. Calculate v(-31).
-8
Let f(r) = 4*r**2 - 53*r - 22. Calculate f(11).
-121
Let u(v) = -1173*v + 38. Give u(0).
38
Let c(r) = 4162*r + 45778. Give c(-11).
-4
Let z(q) = -3*q + 63. What is z(-32)?
159
Let u(k) = -2*k**2 - 9*k - 6. What is u(-4)?
-2
Let z(d) = -121*d + 1607. Determine z(13).
34
Let d(o) = 6*o**2 + 4*o - 255. What is d(-7)?
11
Let q(h) = -h**2 + 106*h + 909. Calculate q(114).
-3
Let v(g) = -5*g**3 - g**2 - 35*g - 134. Determine v(-4).
310
Let n(t) = t**3 + 46*t**2 + 43*t - 71. Calculate n(-45).
19
Let q(n) = -n**2 + 10*n + 63. Calculate q(16).
-33
Let h(t) = -t**3 + 10*t**2 - 60*t + 336. Give h(8).
-16
Let v(t) = -t**2 - 4*t - 56. Calculate v(0).
-56
Let g(b) = 15*b**3 - b**2 - 8*b + 11. Calculate g(2).
111
Let a(y) = -29*y - 1123. What is a(-47)?
240
Let w(p) = -2*p**2 + 180*p + 181. What is w(-1)?
-1
Let m(q) = -52*q - 330. Give m(-5).
-70
Let q(n) = 90*n - 549. What is q(6)?
-9
Let d(p) = 4*p**2 + 37*p + 71. What is d(-2)?
13
Let v(t) = 5*t**3 + 113*t**2 + 65*t - 18. What is v(-22)?
4
Let b(z) = -4*z + 73. Determine b(16).
9
Let a(d) = 198*d - 1773. What is a(9)?
9
Let c(t) = 243*t + 206. Determine c(-3).
-523
Let d(p) = -6*p**2 + 17*p - 26. Give d(10).
-456
Let i(t) = t**2 + 129*t - 829. Give i(6).
-19
Let u(d) = -127*d + 17265. Calculate u(136).
-7
Let d(l) = -281*l - 1546. What is d(-6)?
140
Let g(l) = 2*l**2 + 126*l + 1452. Determine g(-15).
12
Let u(i) = -2*i**2 + 64*i - 318. Calculate u(5).
-48
Let d(a) = 4*a**2 + 407*a - 935. Determine d(-104).
1
Let t(p) = -p**2 + 21*p + 698. Give t(0).
698
Let k(z) = -4*z**2 + 6*z + 59. Calculate k(-5).
-71
Let l(v) = 3*v**3 + v**2 - 153*v + 153. What is l(1)?
4
Let l(g) = -3*g**2 + 66*g - 31. Determine l(16).
257
Let g(a) = 4*a**3 + 23*a**2 + 257*a + 1575. Calculate g(-6).
-3
Let y(d) = d**3 - 18*d**2 - 81*d - 57. Calculate y(22).
97
Let j(y) = -y**3 - 2*y - 83. Give j(0).
-83
Let g(p) = p**3 + 64*p**2 + 217*p - 1368. Calculate g(-60).
12
Let a(z) = z**3 + 26*z**2 + 53*z + 755. What is a(-25)?
55
Let o(r) = r**3 - 6*r**2 - 381*r + 1552. Give o(4).
-4
Let i(b) = -b**3 - 8*b**2 - 7*b + 9. Determine i(-6).
-21
Let f(i) = i**3 - 13*i**2 - 99*i + 576. Give f(6).
-270
Let s(r) = -3*r**2 - 9*r + 62. Calculate s(-7).
-22
Let b(x) = 78*x + 47. What is b(0)?
47
Let v(z) = -z**2 + 95*z - 2174. What is v(55)?
26
Let u(d) = -102*d + 1137. Calculate u(11).
15
Let s(t) = -59*t + 1535. What is s(27)?
-58
Let c(z) = -z**2 - 10*z + 66. Calculate c(10).
-134
Let w(v) = 95*v + 779. Determine w(-8).
19
Let a(y) = 5*y**3 - 23*y**2 - 28*y + 55. Give a(6).
139
Let c(s) = 687*s - 2748. Determine c(4).
0
Let b(z) = -5*z**2 - 66*z - 27. Determine b(-13).
-14
Let v(u) = u**3 - 6*u**2 - 16*u + 20. What is v(7)?
-43
Let i(t) = -t**2 + 19*t - 1. Calculate i(19).
-1
Let q(f) = -9*f**2 - 1097*f + 125. What is q(-122)?
3
Let y(j) = 175*j - 1204. Determine y(7).
21
Let n(w) = -w**2 + 2*w + 5. Calculate n(-5).
-30
Let j(v) = v**3 + 80*v**2 - 164*v + 2. Determine j(-82).
2
Let u(l) = -27*l - 426. Calculate u(-16).
6
Let g(d) = 2*d**2 - 63*d + 134. Give g(2).
16
Let o(k) = 106*k - 983. Determine o(10).
77
Let j(b) = 2*b**2 + 102*b - 824. What is j(7)?
-12
Let j(b) = -240*b + 6475. Determine j(27).
-5
Let r(d) = -125*d - 9262. What is r(-74)?
-12
Let z(d) = -70*d**2 + 9*d + 10. What is z(-1)?
-69
Let z(d) = -26*d + 27. Determine z(2).
-25
Let t(m) = 2*m**3 - 14*m**2 - 14*m - 1. What is t(8)?
15
Let k(b) = 7*b + 595. Give k(-63).
154
Let j(y) = -y**3 - 14*y**2 - 38*y + 39. Determine j(-5).
4
Let i(k) = k**3 + 8*k**2 + 6*k - 54. Determine i(-6).
-18
Let b(n) = -276*n - 4694. What 